hat is 0 - -293d?
293d
In base 6, what is 245 + 1?
250
In base 8, what is 50 - 20?
30
In base 5, what is -21 + -1444?
-2020
In base 2, what is 10111000 + 111?
10111111
In base 8, what is 105 + 1?
106
In base 9, what is 372 + 5?
377
In base 10, what is 12 + -61?
-49
In base 8, what is 4 - 25?
-21
In base 13, what is -c947 - -3?
-c944
In base 8, what is -1241 - -5?
-1234
In base 8, what is -3 - -72?
67
In base 6, what is -411 - 2?
-413
In base 8, what is -51 - -310?
237
In base 3, what is -1021 + 11?
-1010
In base 8, what is -1736 - -3?
-1733
In base 9, what is 5 - 100?
-84
In base 10, what is -8 - 18?
-26
In base 14, what is -1 - -20c?
20b
In base 5, what is -302 + 21?
-231
In base 9, what is 315 - 0?
315
In base 14, what is 0 - c9?
-c9
In base 5, what is 23 - -203?
231
In base 7, what is -65 + 4?
-61
In base 15, what is -3a + 0?
-3a
In base 11, what is 5 + -347?
-342
In base 9, what is -15 - -35?
20
In base 12, what is 3169 - 1?
3168
In base 9, what is 2 + -10?
-7
In base 12, what is 1 + -1785?
-1784
In base 9, what is 0 - 10?
-10
In base 2, what is 10 + 100101000?
100101010
In base 14, what is -6215 + 1?
-6214
In base 15, what is b5d + -5?
b58
In base 4, what is 1020 + 2212?
3232
In base 7, what is 60 + 0?
60
In base 15, what is -1284 + -4?
-1288
In base 10, what is 3 - 1?
2
In base 16, what is 29 - -6?
2f
In base 10, what is -13586 + 3?
-13583
In base 14, what is 0 + 8c2?
8c2
In base 10, what is 56 + -8?
48
In base 11, what is -1292 + -9?
-12a0
In base 14, what is 5 + 4b?
52
In base 15, what is 0 + a9?
a9
In base 16, what is 3 + -5b?
-58
In base 15, what is 4 - -4?
8
In base 14, what is 22 - a0?
-7c
In base 3, what is 1 - -11?
12
In base 6, what is -3 - -130?
123
In base 2, what is -10111 + -1000011?
-1011010
In base 14, what is -5d1 + -6?
-5d7
In base 15, what is -52 - -99?
47
In base 6, what is -1 - -12510?
12505
In base 12, what is 3 - -124a?
1251
In base 2, what is 1 - 11111011?
-11111010
In base 4, what is 31100 - -3?
31103
In base 13, what is -71 + 2?
-6c
In base 4, what is 12332 - -11?
13003
In base 14, what is -279 - 0?
-279
In base 14, what is -9 + 0?
-9
In base 8, what is -4 + 27?
23
In base 8, what is 5 + -610?
-603
In base 6, what is 3 - -2144?
2151
In base 15, what is -e3 + -2?
-e5
In base 2, what is 100101111 - -10110?
101000101
In base 3, what is 102 - 10102?
-10000
In base 9, what is 113 - -75?
188
In base 16, what is -11 + 5f?
4e
In base 8, what is 543 - 5?
536
In base 14, what is -4 - 172?
-176
In base 11, what is 432 + -4?
429
In base 16, what is -3 - -c9e?
c9b
In base 8, what is 45 - 5?
40
In base 16, what is -3 + -129?
-12c
In base 16, what is -1a + c?
-e
In base 12, what is -2a8b - -4?
-2a87
In base 12, what is -62 + -3?
-65
In base 14, what is 4 + -8aa?
-8a6
In base 16, what is 1d9 - -2?
1db
In base 8, what is 1 + 367?
370
In base 16, what is -4 - 70?
-74
In base 15, what is 58 + 21?
79
In base 10, what is 3 - -21?
24
In base 16, what is 10ef - 2?
10ed
In base 5, what is 10 - 1134?
-1124
In base 12, what is -52 + 63?
11
In base 9, what is 2 - 83?
-81
In base 15, what is 3 - -36?
39
In base 11, what is 11 + 4?
15
In base 9, what is -43 + -4?
-47
In base 12, what is -8 - -109?
101
In base 8, what is -1 + -223?
-224
In base 5, what is 20 + -1404?
-1334
In base 10, what is 11 + -46?
-35
In base 9, what is 136 - -55?
202
In base 3, what is -2011 + -1?
-2012
In base 4, what is 1 - -12300?
12301
In base 15, what is 1 - 3a?
-39
In base 13, what is -5c - -10?
-4c
In base 3, what is 1201122 + -1?
1201121
In base 4, what is -11 - 1300?
-1311
In base 3, what is -12 - 10022?
-10111
In base 13, what is 81 - -2a?
ab
In base 12, what is 1 - 54?
-53
In base 16, what is -2 - 4?
-6
In base 6, what is 13 + 1?
14
In base 3, what is 10202 + -2012?
1120
In base 16, what is 7a6 + 9?
7af
In base 5, what is 43114 + 11?
43130
In base 16, what is 66 + 18?
7e
In base 14, what is -26dd + -1?
-2700
In base 5, what is 3 + -41231?
-41223
In base 15, what is 13 - a?
8
In base 9, what is -210 + -3?
-213
In base 3, what is 0 + -1120?
-1120
In base 9, what is 57 - -7?
65
In base 5, what is 0 - 102?
-102
In base 8, what is -626 - 2?
-630
In base 9, what is 2 - -24?
26
In base 4, what is 1201 + 1130?
2331
In base 12, what is 3 - -159?
160
In base 5, what is -430 - 211?
-1141
In base 16, what is -a6 + 1?
-a5
In base 11, what is 18 + -5?
13
In base 6, what is 1 + -3021?
-3020
In base 3, what is 10020 + 112?
10202
In base 15, what is 15b1 + 4?
15b5
In base 6, what is -2 - 34532?
-34534
In base 11, what is 71 + 153?
214
In base 11, what is 26 - -182?
1a8
In base 15, what is 1 + 9b?
9c
In base 11, what is 45 + 4?
49
In base 13, what is -3b1 + -7?
-3b8
In base 8, what is 36 - 0?
36
In base 9, what is -44 - -20?
-24
In base 5, what is 1023 + -2?
1021
In base 6, what is -153 - -5?
-144
In base 6, what is -112 + -1?
-113
In base 5, what is -101 + -1433?
-2034
In base 7, what is -3 + 13305?
13302
In base 8, what is 13 + 26?
41
In base 10, what is -5 + -11?
-16
In base 2, what is 1010011100 + 0?
1010011100
In base 9, what is -37 - 5?
-43
In base 3, what is 11001 + 110?
11111
In base 12, what is -9 - 5ab?
-5b8
In base 2, what is 1000101110111 + 1?
1000101111000
In base 9, what is -7 + -2?
-10
In base 8, what is 627 + 2?
631
In base 7, what is -10 + 2650?
2640
In base 8, what is -3401 + 5?
-3374
In base 7, what is 20424 + 4?
20431
In base 3, what is 100 - 10202?
-10102
In base 13, what is -b + 35?
27
In base 16, what is 89 - -1?
8a
In base 15, what is 5 + 6d?
73
In base 3, what is -22121 - 202?
-100100
In base 16, what is f + -115?
-106
In base 15, what is 1e + -d?
11
In base 9, what is 276 - 4?
272
In base 4, what is 1022 + 12?
1100
In base 16, what is -74 - 8?
-7c
In base 3, what is 0 - -11222?
11222
In base 8, what is 102 + 135?
237
In base 2, what is -110110 - 100?
-111010
In base 3, what is -110220 + -2020?
-120010
In base 9, what is -1407 - 5?
-1413
In base 16, what is 0 - 4c?
-4c
In base 16, what is -6 + -c8?
-ce
In base 2, what is -1011001 + 11011?
-111110
In base 5, what is -22 - -442?
420
In base 14, what is -91 + -2?
-93
In base 10, what is -5 - -688?
683
In base 16, what is 10e - 1?
10d
In base 12, what is -4 - 2a?
-32
In base 2, what is 11 - -1110000000?
1110000011
In base 12, what is -1 - -110?
10b
In base 15, what is -57 - b?
-63
In base 16, what is -7de - -8?
-7d6
In base 10, what is -9 - 1334?
-1343
In base 4, what is -1 + 133?
132
In base 6, what is -30544 + -3?
-30551
In base 14, what is -c7 - 0?
-c7
In base 11, what is -9 + a3?
95
In base 14, what is 290 + -5?
289
In base 7, what is -53 + 164?
111
In base 14, what is 536 + a?
542
In base 11, what is -613 - -4?
-60a
In base 16, what is -1a7 + -2?
-1a9
In base 15, what is 9c - 14?
88
In base 7, what is 46 - -16?
65
In base 13, what is 3 - 14?
-11
In base 16, what is 8 + 3e1?
3e9
In base 5, what is -13033 - -3?
-13030
In base 12, what is 513 + -2?
511
In base 4, what is 2 + -111?
-103
In base 13, what is 4 + -16?
-12
In base 5, what is -4 + 111?
102
In base 6, what is 143 + 4?
151
In base 6, what is 45 + 100?
145
In base 8, what is 15 + 55?
72
In base 12, what is -3 + 26a?
267
In base 13, what is -7 + -604?
-60b
In base 9, what is 4 + 0?
4
In base 9, what is -464 - 3?
-467
In base 10, what is -102 - -15?
-87
In base 14, what is -37 - -74?
3b
In base 4, what is 2 + 3321?
3323
In base 9, what is 1028 + 2?
1031
In base 11, what is -2 + 702?
700
In base 3, what is -120000 + 10?
-112220
In base 5, what is 1 + 413?
414
In base 2, what is -1 - 1001101011?
-1001101100
In base 9, what is 2 - 654?
-652
In base 13, what is 1013 - 0?
1013
In base 6, what is -425 - -2?
-423
In base 6, what is 4 - -33?
41
In base 14, what is -2c3 - -1c?
-2a5
In base 12, what is 67 - 5?
62
In base 14, what is 4 + -8?
-4
In base 3, what is -101 - 1?
-102
In base 5, what is 0 - -24234?
24234
In base 6, what is -140 - 3?
-143
In base 6, what is -121 - -14?
-103
In base 12, what is -30 + 29?
-3
In base 13, what is 49 - -60?
a9
In base 4, what is -300 + 13?
-221
In base 2, what is -11001101 - 110?
-11010011
In base 6, what is 101 - -5?
110
In base 7, what is -4 + -464?
-501
In base 9, what is 0 + 178?
178
In base 5, what is -13030 - 4?
-13034
In base 8, what is 1 - -37?
40
In base 9, what is -4248 - 2?
-4251
In base 16, what is 2 - -3